{"id":681,"date":"2025-11-13T13:47:08","date_gmt":"2025-11-13T11:47:08","guid":{"rendered":"https:\/\/lenacriveanu.ro\/shop\/?post_type=product&#038;p=681"},"modified":"2025-12-30T17:07:13","modified_gmt":"2025-12-30T15:07:13","slug":"top-cu-benzi-impletite","status":"publish","type":"product","link":"https:\/\/lenacriveanu.ro\/shop\/product\/top-cu-benzi-impletite\/","title":{"rendered":"Top cu Benzi \u00cempletite"},"content":{"rendered":"<p>Bluz\u0103 f\u0103r\u0103 m\u00e2neci, realizat\u0103 din tafta sub\u021bire. Guler amplu \u00een form\u0103 de floare, cu volum asimetric care se poate modela \u0219i o deschidere scurt\u0103 pe linia decolteului. Partea frontal\u0103 este decorat\u0103 cu benzi suprapuse \u0219i \u00eempletite iar partea inferioar\u0103 este finisat\u0103 cu un volan lejer.<\/p>\n<p><strong>Material:<\/strong> Tafta<\/p>\n<p class=\"p1\">\n","protected":false},"excerpt":{"rendered":"<p>Bluz\u0103 f\u0103r\u0103 m\u00e2neci, realizat\u0103 din tafta sub\u021bire.<\/p>\n","protected":false},"featured_media":978,"comment_status":"open","ping_status":"closed","template":"","meta":{"inline_featured_image":false},"product_brand":[],"product_cat":[25,32],"product_tag":[],"class_list":{"0":"post-681","1":"product","2":"type-product","3":"status-publish","4":"has-post-thumbnail","6":"product_cat-shop","7":"product_cat-topuri","9":"first","10":"instock","11":"shipping-taxable","12":"purchasable","13":"product-type-variable","14":"has-default-attributes"},"_links":{"self":[{"href":"https:\/\/lenacriveanu.ro\/shop\/wp-json\/wp\/v2\/product\/681","targetHints":{"allow":["GET"]}}],"collection":[{"href":"https:\/\/lenacriveanu.ro\/shop\/wp-json\/wp\/v2\/product"}],"about":[{"href":"https:\/\/lenacriveanu.ro\/shop\/wp-json\/wp\/v2\/types\/product"}],"replies":[{"embeddable":true,"href":"https:\/\/lenacriveanu.ro\/shop\/wp-json\/wp\/v2\/comments?post=681"}],"wp:featuredmedia":[{"embeddable":true,"href":"https:\/\/lenacriveanu.ro\/shop\/wp-json\/wp\/v2\/media\/978"}],"wp:attachment":[{"href":"https:\/\/lenacriveanu.ro\/shop\/wp-json\/wp\/v2\/media?parent=681"}],"wp:term":[{"taxonomy":"product_brand","embeddable":true,"href":"https:\/\/lenacriveanu.ro\/shop\/wp-json\/wp\/v2\/product_brand?post=681"},{"taxonomy":"product_cat","embeddable":true,"href":"https:\/\/lenacriveanu.ro\/shop\/wp-json\/wp\/v2\/product_cat?post=681"},{"taxonomy":"product_tag","embeddable":true,"href":"https:\/\/lenacriveanu.ro\/shop\/wp-json\/wp\/v2\/product_tag?post=681"}],"curies":[{"name":"wp","href":"https:\/\/api.w.org\/{rel}","templated":true}]}}