{"id":417,"date":"2025-11-07T09:23:48","date_gmt":"2025-11-07T07:23:48","guid":{"rendered":"https:\/\/lenacriveanu.ro\/shop\/?post_type=product&#038;p=417"},"modified":"2025-12-17T14:50:13","modified_gmt":"2025-12-17T12:50:13","slug":"fusta-paiete","status":"publish","type":"product","link":"https:\/\/lenacriveanu.ro\/shop\/product\/fusta-paiete\/","title":{"rendered":"Fusta Mini Paiete"},"content":{"rendered":"<p>Fust\u0103 mini dreapt\u0103, acoperit\u0103 cu un model abstract compus integral din paiete. Talie ajustabil\u0103, marcat\u0103 cu un cordon fin care se leag\u0103 lateral, form\u00e2nd un pliu decorativ. C\u0103ptu\u0219eal\u0103 din jerse.<\/p>\n<p><strong>Exterior:<\/strong> Organza<\/p>\n<p><strong>Captuseala:<\/strong> Jerse Mix<\/p>\n<p>&nbsp;<\/p>\n","protected":false},"excerpt":{"rendered":"<p>Fust\u0103 mini dreapt\u0103, acoperit\u0103 cu un model abstract compus integral din paiete.<\/p>\n","protected":false},"featured_media":937,"comment_status":"open","ping_status":"closed","template":"","meta":{"inline_featured_image":false},"product_brand":[],"product_cat":[29],"product_tag":[],"class_list":{"0":"post-417","1":"product","2":"type-product","3":"status-publish","4":"has-post-thumbnail","6":"product_cat-fuste","8":"first","9":"instock","10":"shipping-taxable","11":"purchasable","12":"product-type-variable"},"_links":{"self":[{"href":"https:\/\/lenacriveanu.ro\/shop\/wp-json\/wp\/v2\/product\/417","targetHints":{"allow":["GET"]}}],"collection":[{"href":"https:\/\/lenacriveanu.ro\/shop\/wp-json\/wp\/v2\/product"}],"about":[{"href":"https:\/\/lenacriveanu.ro\/shop\/wp-json\/wp\/v2\/types\/product"}],"replies":[{"embeddable":true,"href":"https:\/\/lenacriveanu.ro\/shop\/wp-json\/wp\/v2\/comments?post=417"}],"wp:featuredmedia":[{"embeddable":true,"href":"https:\/\/lenacriveanu.ro\/shop\/wp-json\/wp\/v2\/media\/937"}],"wp:attachment":[{"href":"https:\/\/lenacriveanu.ro\/shop\/wp-json\/wp\/v2\/media?parent=417"}],"wp:term":[{"taxonomy":"product_brand","embeddable":true,"href":"https:\/\/lenacriveanu.ro\/shop\/wp-json\/wp\/v2\/product_brand?post=417"},{"taxonomy":"product_cat","embeddable":true,"href":"https:\/\/lenacriveanu.ro\/shop\/wp-json\/wp\/v2\/product_cat?post=417"},{"taxonomy":"product_tag","embeddable":true,"href":"https:\/\/lenacriveanu.ro\/shop\/wp-json\/wp\/v2\/product_tag?post=417"}],"curies":[{"name":"wp","href":"https:\/\/api.w.org\/{rel}","templated":true}]}}