{"id":1166,"date":"2025-12-12T15:04:57","date_gmt":"2025-12-12T13:04:57","guid":{"rendered":"https:\/\/lenacriveanu.ro\/shop\/?post_type=product&#038;p=1166"},"modified":"2025-12-17T15:13:27","modified_gmt":"2025-12-17T13:13:27","slug":"esarfa-dantela-ivoaire","status":"publish","type":"product","link":"https:\/\/lenacriveanu.ro\/shop\/product\/esarfa-dantela-ivoaire\/","title":{"rendered":"E\u0219arf\u0103 Dantel\u0103 Ivoaire"},"content":{"rendered":"<p><span class=\"a_GcMg font-feature-liga-off font-feature-clig-off font-feature-calt-off text-decoration-none text-strikethrough-none\">E\u0219arf\u0103 lung\u0103 cu o latur\u0103 din stof\u0103 sub\u021bire \u0219i o latur\u0103 din catifea, finisat\u0103 pe ambele p\u0103r\u021bi cu dantel\u0103 fin\u0103 \u00een nuan\u021b\u0103 ivoire. Se poate purta cu lejeritate pe umeri sau \u00een jurul g\u00e2tului.<\/span><\/p>\n<p><strong>Material:<\/strong> Bumbac<\/p>\n","protected":false},"excerpt":{"rendered":"<p>Fust\u0103 midi din stof\u0103, cu panou asimetric in contrast bleumarin cu gri. Talie \u00eenalt\u0103 \u0219i pliuri ad\u00e2nci \u00een fa\u021b\u0103 \u0219i spate pentru o \u021binut\u0103 elegant\u0103 \u0219i lejeritate.<\/p>\n","protected":false},"featured_media":1172,"comment_status":"open","ping_status":"closed","template":"","meta":{"inline_featured_image":false},"product_brand":[],"product_cat":[58,25],"product_tag":[],"class_list":{"0":"post-1166","1":"product","2":"type-product","3":"status-publish","4":"has-post-thumbnail","6":"product_cat-accesorii-office","7":"product_cat-shop","9":"first","10":"instock","11":"shipping-taxable","12":"purchasable","13":"product-type-variable"},"_links":{"self":[{"href":"https:\/\/lenacriveanu.ro\/shop\/wp-json\/wp\/v2\/product\/1166","targetHints":{"allow":["GET"]}}],"collection":[{"href":"https:\/\/lenacriveanu.ro\/shop\/wp-json\/wp\/v2\/product"}],"about":[{"href":"https:\/\/lenacriveanu.ro\/shop\/wp-json\/wp\/v2\/types\/product"}],"replies":[{"embeddable":true,"href":"https:\/\/lenacriveanu.ro\/shop\/wp-json\/wp\/v2\/comments?post=1166"}],"wp:featuredmedia":[{"embeddable":true,"href":"https:\/\/lenacriveanu.ro\/shop\/wp-json\/wp\/v2\/media\/1172"}],"wp:attachment":[{"href":"https:\/\/lenacriveanu.ro\/shop\/wp-json\/wp\/v2\/media?parent=1166"}],"wp:term":[{"taxonomy":"product_brand","embeddable":true,"href":"https:\/\/lenacriveanu.ro\/shop\/wp-json\/wp\/v2\/product_brand?post=1166"},{"taxonomy":"product_cat","embeddable":true,"href":"https:\/\/lenacriveanu.ro\/shop\/wp-json\/wp\/v2\/product_cat?post=1166"},{"taxonomy":"product_tag","embeddable":true,"href":"https:\/\/lenacriveanu.ro\/shop\/wp-json\/wp\/v2\/product_tag?post=1166"}],"curies":[{"name":"wp","href":"https:\/\/api.w.org\/{rel}","templated":true}]}}